{"id":1930,"date":"2022-05-09T21:11:13","date_gmt":"2022-05-09T18:11:13","guid":{"rendered":"https:\/\/kokkolaultrarun.fi\/2020\/?page_id=1930"},"modified":"2025-11-11T21:37:09","modified_gmt":"2025-11-11T19:37:09","slug":"ilmoittaudu","status":"publish","type":"page","link":"https:\/\/kokkolaultrarun.fi\/2020\/ilmoittaudu\/","title":{"rendered":"Ilmoittaudu"},"content":{"rendered":"\n<h2 class=\"wp-block-heading has-colibri-color-2-color has-text-color\">Ilmoittautuminen on auki<br><br>Ilmoittautumaan p\u00e4\u00e4set <a href=\"https:\/\/pace.sport\/events\/kokkola-ultra-run-2026\" target=\"_blank\" rel=\"noreferrer noopener\"><strong><em>t\u00e4st\u00e4 linkist\u00e4<\/em><\/strong><\/a><\/h2>\n","protected":false},"excerpt":{"rendered":"<p>Ilmoittautuminen on auki Ilmoittautumaan p\u00e4\u00e4set t\u00e4st\u00e4 linkist\u00e4<\/p>\n","protected":false},"author":5,"featured_media":0,"parent":0,"menu_order":0,"comment_status":"closed","ping_status":"closed","template":"","meta":{"footnotes":""},"class_list":["post-1930","page","type-page","status-publish","hentry"],"_links":{"self":[{"href":"https:\/\/kokkolaultrarun.fi\/2020\/wp-json\/wp\/v2\/pages\/1930","targetHints":{"allow":["GET"]}}],"collection":[{"href":"https:\/\/kokkolaultrarun.fi\/2020\/wp-json\/wp\/v2\/pages"}],"about":[{"href":"https:\/\/kokkolaultrarun.fi\/2020\/wp-json\/wp\/v2\/types\/page"}],"author":[{"embeddable":true,"href":"https:\/\/kokkolaultrarun.fi\/2020\/wp-json\/wp\/v2\/users\/5"}],"replies":[{"embeddable":true,"href":"https:\/\/kokkolaultrarun.fi\/2020\/wp-json\/wp\/v2\/comments?post=1930"}],"version-history":[{"count":11,"href":"https:\/\/kokkolaultrarun.fi\/2020\/wp-json\/wp\/v2\/pages\/1930\/revisions"}],"predecessor-version":[{"id":2346,"href":"https:\/\/kokkolaultrarun.fi\/2020\/wp-json\/wp\/v2\/pages\/1930\/revisions\/2346"}],"wp:attachment":[{"href":"https:\/\/kokkolaultrarun.fi\/2020\/wp-json\/wp\/v2\/media?parent=1930"}],"curies":[{"name":"wp","href":"https:\/\/api.w.org\/{rel}","templated":true}]}}